x*w, 2*q + 5*w = 117 - 31. What is the remainder when 62 is divided by q?
29
Let d(c) = -c + 12. Suppose -2*u + 9 = -w, 2*u - w = 4*u + 1. Suppose 25 - 3 = u*o. What is the remainder when d(-8) is divided by o?
9
Let u = 167 + -88. Suppose p + 16 = 20. Suppose -60 = w - p*w. Calculate the remainder when u is divided by w.
19
Suppose -4*u - 142 = -1534. Let d = -7 + u. What is the remainder when d is divided by 115?
111
Suppose -3*d - 5*i = -2, -12 = 3*d - 4*d + 4*i. Calculate the remainder when 75 is divided by d/(-6) - 531/(-27).
18
Suppose 124*n + 223 = -141*n + 2078. What is the remainder when 655 is divided by n?
4
Let f = -25038 + 29047. Calculate the remainder when f is divided by 52.
5
Calculate the remainder when ((-1395)/(-6))/((92/(-8))/(-23)) is divided by 84/49*(-42)/(-4).
15
Let y be (1*-4)/(24/(-5844)). Suppose 0 = -10*c + 366 + y. What is the remainder when c is divided by 17?
15
Let z(r) = 170*r - 2525. Calculate the remainder when 545 is divided by z(15).
20
Suppose 657*l - 656*l = 93. Calculate the remainder when l is divided by 24/1 - -2 - 1.
18
Let i = -6050 - -6109. What is the remainder when 936 is divided by i?
51
Let q = 6479 - 5747. Calculate the remainder when q is divided by 182.
4
Let v(u) = 1 + 69714*u - 3 + 6*u**2 - 69729*u. Let s = -60 + 99. What is the remainder when s is divided by v(3)?
4
Suppose 64 = r - 5*r. Suppose -4*y = -4, 29*q + 7 = 30*q + 5*y. Calculate the remainder when -1 - (36/48)/(q/r) is divided by 4.
1
Suppose -3*i - 26*w + 155 = -30*w, 266 = 5*i + w. What is the remainder when 260 is divided by i?
48
Let q = -16644 + 16701. What is the remainder when 686 is divided by q?
2
What is the remainder when (-331270)/(-140) + (-9 - 369/(-42)) is divided by 139?
3
Suppose -4*v = -n + 48 + 6, 3*v = -15. What is the remainder when n is divided by 7?
6
Suppose -4*z - 762 = -3*m + 652, -4*m - 3*z + 1852 = 0. Calculate the remainder when 1891 is divided by m.
27
Let g = 25 + -27. Let j be (2/g - 1) + 5 - -3. Suppose 4*u + 0*u = 2*d - 22, d = -3*u + j. Calculate the remainder when 42 is divided by d.
6
Let y(q) = -2*q**2 - 38*q - 4. Suppose -2*g = -m - 18, -5*m - 5*g - 53 = 22. Calculate the remainder when 270 is divided by y(m).
86
Suppose -200 = -2*s + 214. Let m(w) = -w - 28. Let u be m(8). Calculate the remainder when s is divided by (2 + -2 + -8)*135/u.
27
Calculate the remainder when 1397 is divided by 17*8430/4080 + (-2)/16.
32
Let c = 1195 + -988. Calculate the remainder when 1460 is divided by c.
11
Suppose -4*q - 1 + 13 = 0. Let a be 5 + (83/4)/((-3)/12). Calculate the remainder when (-12)/a + (-189)/(-39) is divided by q.
2
Let r be (-4)/(8/(-22))*1. Let b = r + 1. Suppose -4*v + 6*x = 2*x - 44, -2*v + 5*x = -34. Calculate the remainder when b is divided by v.
5
Let y(t) = t**3 - 6*t**2 - 7*t + 9. Let d be y(6). Let n(i) = -i**2 - 60*i - 463. Let r be n(-52). Let s = d - r. What is the remainder when 27 is divided by s?
13
Let q = 1473 + -1444. Calculate the remainder when 49 is divided by q.
20
Let h(o) = o**3 + 11*o**2 + 9*o + 21. Let c be h(-10). Suppose 0 = p - 2*n - 20, -4*p + 5*n + 40 = -c. Calculate the remainder when 123 is divided by p.
11
Let c = 2382 + -2104. Calculate the remainder when c is divided by 31.
30
Suppose -i = -3*i - 5*y - 575, -i - 5*y - 275 = 0. Let n = i + 419. Calculate the remainder when n is divided by 26.
15
Suppose -1034 - 3352 = -17*w. Calculate the remainder when w is divided by 63.
6
Let s = 6992 - 6601. What is the remainder when s is divided by 77?
6
Let s = 2911 + -1654. Calculate the remainder when s is divided by 15.
12
Let w = 449 - 904. Let t = 485 + w. Calculate the remainder when t is divided by 13.
4
Let t = 4619 - 4513. Calculate the remainder when t is divided by 32 - 4 - 2 - 3.
14
What is the remainder when (-135)/6*(-220)/25 is divided by 68?
62
Let u(j) = -j**2 + 8*j - 3. Suppose -227 = -17*f + 1745. Let w = -65 + f. Calculate the remainder when w is divided by u(6).
6
What is the remainder when 610 is divided by 1/10*-10 - (-26)/2?
10
Let c(b) = -2*b**3 + 5*b**2 - 2*b + 1. Let z be c(2). Let n(h) = -199*h + 2. Let t be n(z). Let o = -84 - t. What is the remainder when o is divided by 38?
37
Let x(y) = -16*y**3 - y**2 + 2*y + 2. Suppose -37*g = -50*g - 364. Let m(c) = 5*c + 171. Calculate the remainder when x(-2) is divided by m(g).
29
Suppose 5*q = 82 + 218. Suppose -6*x + x = y - 288, -x - y = -q. Calculate the remainder when x is divided by 31.
26
Let x(m) = -15*m + 1007. What is the remainder when 1269 is divided by x(66)?
11
Let b(v) = 5*v**3 - 3*v**2 - 26*v + 70. Suppose 4*h - 125 = 2*i + 27, -92 = -2*h - 3*i. Calculate the remainder when b(4) is divided by h.
38
Suppose 2*h = -6*h + 1632. Let p = h - 84. Let m = p - 73. Calculate the remainder when m is divided by 16.
15
Suppose -4 = -l - 0*l. Let i(f) = -12*f - 828. Let k be i(-69). Suppose -t + l*m + 28 = k, -3 = -3*t + 3*m + 36. Calculate the remainder when t is divided by 6.
2
Let q be ((-2)/(-6))/(9/108). Suppose 3*a - 9 = 0, -a = q*w + 2*a + 3. What is the remainder when 20 is divided by 2/(32/28)*(1 - w)?
6
Let k(d) be the first derivative of 50*d**3/3 + 5*d**2/2 - 5*d + 144. What is the remainder when 170 is divided by k(1)?
20
Suppose 5*j = 2*g - 55, -5*g + 50 = -2*g - j. Suppose 2*r - 15 = b, -2*b + 14 = 3*r - 19. What is the remainder when g is divided by r?
6
Suppose 2726 = -22*t + 16564. Calculate the remainder when t is divided by 159.
152
Let u(w) = w**2 - 8*w - 5. Let x be u(9). Suppose 39 = -3*k + 3*y + 102, -5*k - x*y + 123 = 0. What is the remainder when k is divided by (-736)/(-96) - 1/(-3)?
7
Suppose 271*r - 275*r - 2*o = -310, 3*r + 2*o - 231 = 0. Calculate the remainder when 7422 is divided by r.
75
Suppose -46*y + 17820 = 5*c - 48*y, -4*c + 14256 = -y. Calculate the remainder when c is divided by 889.
8
Let q be 39/((-6 - -3)/3). Let c(m) = 6*m + 11. Let v be c(-6). Let j = v - q. What is the remainder when j is divided by 8?
6
Suppose -4*u + 126 = 5*u. What is the remainder when 592/3 + -3 + (-16)/(-24) - 1 is divided by u?
12
Suppose -56*z + 7*z + 5880 = -28*z. Calculate the remainder when 1113 is divided by z.
273
Suppose 0*w + 14 = w. Let n(m) = -3*m**3 - 16*m**2 - 17*m - 23. Calculate the remainder when n(-6) is divided by w.
11
Let a(v) = -v**2 - 9*v + 7. Let u be a(-8). Let t = -7 + u. Let o = 472 + -446. What is the remainder when o is divided by t?
2
Let m(y) = -4*y**2 + 107*y + 30*y**2 - 79*y - y**3 - 10. Calculate the remainder when 46 is divided by m(27).
12
Let y(w) = -46*w - 167. Let p be y(-4). Let j(f) = 2*f + 195. Calculate the remainder when j(p) is divided by 18.
13
Let a = 512 + -457. Calculate the remainder when a is divided by 3.
1
Let h(u) = -u**3 - 2*u**2 + 2. Let k be h(-2). Let y be (-4545)/(-18) - k/4. Suppose 5*q - y = -q. Calculate the remainder when 81 is divided by q.
39
Let d(a) = -a**2 + 5*a - 13. Let u be d(-7). Let p = 227 + u. Suppose -5*n - 35 = -p. What is the remainder when n is divided by 12?
7
Let f = -360 - -365. Let w(a) = 32*a - 98. What is the remainder when w(f) is divided by 13?
10
Suppose -517 = -4*o + 195. Suppose -4*w - 1599 = -263. Let z = -289 - w. What is the remainder when o is divided by z?
43
Let q = 15 - -4. Let v(p) = -p**3 - 39*p**2 + 85*p + 1891. What is the remainder when v(-40) is divided by q?
15
Let m(l) = -l**2 + 24*l - 93. Let j be m(19). Suppose -3*i + 660 = -0*i + 3*b, b = j. What is the remainder when i is divided by 55?
53
Suppose 5340 = -12*g + 396. Let x = 454 + g. Calculate the remainder when x is divided by 5*3*1 - 0.
12
What is the remainder when 529 is divided by 1580859/9821 + (-2)/(-61)?
46
Suppose 0 = -3*f + 9, a + 3*f + 29 - 1 = 0. Let d = a - -40. Suppose -2*z + 0*n + 95 = n, 9 = -d*n. What is the remainder when z is divided by 17?
15
Let r(c) = -c**2 - 17*c - 31. Let z be r(-15). What is the remainder when 6 is divided by (-1 + z)*1*55/(-22)?
1
Let i be 109 - (20/5 - 3). Let p = -95 + i. Suppose -18*h + 145 = -p*h. What is the remainder when 114 is divided by h?
27
Suppose -20*s + 33 = -9*s. Calculate the remainder when s - (-165 + -3 + 3 - 4) is divided by 52.
16
Let s = -14829 + 14854. What is the remainder when 668 is divided by s?
18
Let i(n) = n**2 - n + 2 + 12 + n. Suppose 2*h 